en 2048994 is divided by 2048964?
30
What is the remainder when 951777 is divided by 286?
255
Calculate the remainder when 1278433 is divided by 1773.
100
What is the remainder when 2754987 is divided by 147?
60
Calculate the remainder when 182488 is divided by 22804.
56
Calculate the remainder when 2354938 is divided by 4555.
3
What is the remainder when 47651557 is divided by 44?
41
What is the remainder when 1832555 is divided by 72?
11
What is the remainder when 2017289 is divided by 1008641?
7
What is the remainder when 447325 is divided by 122?
73
What is the remainder when 173315 is divided by 74?
7
What is the remainder when 27062 is divided by 8852?
506
What is the remainder when 6200618 is divided by 3307?
3300
What is the remainder when 1787030 is divided by 306?
296
Calculate the remainder when 48525614 is divided by 51.
32
What is the remainder when 38146 is divided by 18838?
470
Calculate the remainder when 546267 is divided by 10505.
7
What is the remainder when 285715 is divided by 1496?
1475
Calculate the remainder when 3119241 is divided by 686.
685
What is the remainder when 5370714 is divided by 107?
63
What is the remainder when 1174989 is divided by 6714?
39
What is the remainder when 1124355 is divided by 4000?
355
What is the remainder when 26771 is divided by 5323?
156
What is the remainder when 1165431 is divided by 9323?
56
What is the remainder when 25678190 is divided by 395049?
5
Calculate the remainder when 30065967 is divided by 5115.
5112
What is the remainder when 21710190 is divided by 56?
54
What is the remainder when 13591 is divided by 823?
423
What is the remainder when 23796369 is divided by 3399477?
30
Calculate the remainder when 2078340 is divided by 1474.
0
What is the remainder when 2071317 is divided by 602?
437
Calculate the remainder when 2156256 is divided by 55.
36
Calculate the remainder when 1778797 is divided by 24.
13
Calculate the remainder when 12828498 is divided by 1425382.
60
What is the remainder when 5983628 is divided by 1840?
1788
Calculate the remainder when 13044 is divided by 437.
371
What is the remainder when 9980085 is divided by 253?
247
Calculate the remainder when 588855 is divided by 588628.
227
What is the remainder when 3006255 is divided by 115622?
83
What is the remainder when 189561 is divided by 30431?
6975
What is the remainder when 58467 is divided by 102?
21
Calculate the remainder when 15704 is divided by 757.
564
What is the remainder when 1184077 is divided by 2645?
1762
What is the remainder when 28988673 is divided by 13?
12
Calculate the remainder when 5379054 is divided by 203.
163
Calculate the remainder when 366510863 is divided by 8.
7
Calculate the remainder when 1910344 is divided by 819.
436
Calculate the remainder when 57644 is divided by 14317.
376
What is the remainder when 26983913 is divided by 5489?
5478
Calculate the remainder when 59533 is divided by 2399.
1957
Calculate the remainder when 1481 is divided by 28.
25
Calculate the remainder when 214328582 is divided by 495.
17
What is the remainder when 8220862 is divided by 1822?
1820
Calculate the remainder when 212990 is divided by 25.
15
What is the remainder when 40158 is divided by 786?
72
Calculate the remainder when 115214 is divided by 22.
0
Calculate the remainder when 11784806 is divided by 271.
100
What is the remainder when 4948 is divided by 975?
73
Calculate the remainder when 3431272 is divided by 863.
847
Calculate the remainder when 2158 is divided by 1029.
100
Calculate the remainder when 1035682 is divided by 564.
178
What is the remainder when 2265893 is divided by 390?
383
What is the remainder when 6393738 is divided by 1583?
1
What is the remainder when 45699 is divided by 3938?
2381
Calculate the remainder when 124680 is divided by 177.
72
What is the remainder when 49959 is divided by 46950?
3009
What is the remainder when 9057 is divided by 1577?
1172
Calculate the remainder when 29076351 is divided by 6712.
6679
What is the remainder when 24250341 is divided by 60?
21
Calculate the remainder when 2318236 is divided by 579417.
568
Calculate the remainder when 1409336 is divided by 7873.
69
Calculate the remainder when 461683 is divided by 4143.
1810
What is the remainder when 4230336 is divided by 3582?
3576
Calculate the remainder when 1212613 is divided by 251.
32
Calculate the remainder when 7368472 is divided by 8679.
1
Calculate the remainder when 87555065 is divided by 611.
598
Calculate the remainder when 5510009 is divided by 1836665.
14
What is the remainder when 3301849 is divided by 2065?
1979
Calculate the remainder when 149714380 is divided by 27132.
4
What is the remainder when 49093454 is divided by 325122?
32
What is the remainder when 263565 is divided by 20228?
601
Calculate the remainder when 20507 is divided by 1363.
62
What is the remainder when 215906 is divided by 8625?
281
What is the remainder when 7673792 is divided by 511584?
32
What is the remainder when 20575 is divided by 224?
191
What is the remainder when 3646909 is divided by 95971?
11
What is the remainder when 75033430 is divided by 2538?
2536
What is the remainder when 9013 is divided by 3842?
1329
What is the remainder when 838389034 is divided by 16?
10
What is the remainder when 61728 is divided by 5170?
4858
Calculate the remainder when 74732271 is divided by 6207.
6198
What is the remainder when 15866057 is divided by 5?
2
What is the remainder when 4894245 is divided by 815680?
165
Calculate the remainder when 206584 is divided by 600.
184
What is the remainder when 134525474 is divided by 45?
44
Calculate the remainder when 1007270 is divided by 6146.
5472
Calculate the remainder when 457776 is divided by 152541.
153
Calculate the remainder when 6376132 is divided by 136.
44
What is the remainder when 39705 is divided by 18432?
2841
What is the remainder when 1507097 is divided by 1530?
47
What is the remainder when 97425001 is divided by 102?
7
Calculate the remainder when 51204955 is divided by 58.
3
What is the remainder when 1457907 is divided by 3513?
12
Calculate the remainder when 3727145 is divided by 11538.
371
Calculate the remainder when 240938 is divided by 550.
38
What is the remainder when 137621 is divided by 6503?
1058
What is the remainder when 11946069 is divided by 4333?
4321
What is the remainder when 102388 is divided by 33825?
913
Calculate the remainder when 5264039 is divided by 1316004.
23
What is the remainder when 112952 is divided by 543?
8
Calculate the remainder when 212594 is divided by 338.
330
What is the remainder when 12462935 is divided by 2172?
2171
What is the remainder when 1496294 is divided by 8221?
72
Calculate the remainder when 347279 is divided by 785.
309
Calculate the remainder when 19279128 is divided by 309.
0
What is the remainder when 86744 is divided by 4511?
1035
Calculate the remainder when 112365815 is divided by 74.
71
Calculate the remainder when 616039 is divided by 631.
183
Calculate the remainder when 501383 is divided by 501370.
13
What is the remainder when 236294578 is divided by 285725?
3
What is the remainder when 32880 is divided by 402?
318
What is the remainder when 1908794 is divided by 1908794?
0
Calculate the remainder when 94535 is divided by 230.
5
What is the remainder when 4933046 is divided by 880?
646
What is the remainder when 123116 is divided by 8419?
5250
Calculate the remainder when 26452691 is divided by 8817556.
23
Calculate the remainder when 37154 is divided by 12270.
344
What is the remainder when 1929408 is divided by 179?
146
What is the remainder when 44823 is divided by 9865?
5363
What is the remainder when 10771447 is divided by 1557?
121
What is the remainder when 19989140 is divided by 141?
134
What is the remainder when 4000009 is divided by 341?
79
What is the remainder when 582718 is divided by 1175?
1093
What is the remainder when 1093053 is divided by 37?
36
Calculate the remainder when 133675 is divided by 194.
9
Calculate the remainder when 39256136 is divided by 131732.
0
Calculate the remainder when 166185340 is divided by 3409.
3408
What is the remainder when 2063877 is divided by 2063770?
107
Calculate the remainder when 1052332 is divided by 5394.
502
Calculate the r